{"id":27,"date":"2012-11-13T17:08:57","date_gmt":"2012-11-13T17:08:57","guid":{"rendered":"http:\/\/www.eminko.com\/?page_id=27"},"modified":"2026-03-30T16:07:52","modified_gmt":"2026-03-30T14:07:52","slug":"about-us","status":"publish","type":"page","link":"https:\/\/www.eminko.com\/?page_id=27","title":{"rendered":"M52 ja M5 suomeksi in Finnish"},"content":{"rendered":"<h2><strong>Eminko M52 \u2013 skaalautuva, 24\/7 k\u00e4ytt\u00f6\u00f6n suunniteltu ty\u00f6kone vaativaan ty\u00f6h\u00f6n<\/strong><\/h2>\r\n<p>Eminko M52 on uusi, t\u00e4ysin s\u00e4hk\u00f6inen ty\u00f6kone, joka skaalautuu eri kokoluokkiin ja k\u00e4ytt\u00f6kohteisiin. Modulaarinen rakenne, vaihdettavat rengasratkaisut ja ymp\u00e4rivuorokautiseen k\u00e4ytt\u00f6\u00f6n suunniteltu s\u00e4hk\u00f6j\u00e4rjestelm\u00e4 tekev\u00e4t M52:sta luotettavan kumppanin kunnossapitoon, teollisuuteen, logistiikkaan ja maatalouteen. Konetta on tilattu ensimm\u00e4inen kappale tuotantok\u00e4ytt\u00f6\u00f6n.<\/p>\r\n<p><i>Seuraavassa on linkki M52 havainnekuvasta.<\/i><\/p>\r\n<div><a href=\"https:\/\/www.eminko.com\/wp-content\/uploads\/2026\/03\/M52-havainnekuva.png\">https:\/\/www.eminko.com\/wp-content\/uploads\/2026\/03\/M52-havainnekuva.png<\/a><\/div>\r\n<div>\u00a0<\/div>\r\n<h2><strong>Skaalautuva runko eri kokoluokkiin<\/strong><\/h2>\r\n<p>M52 voidaan mitoittaa tarkasti k\u00e4ytt\u00f6tarpeen mukaan:<\/p>\r\n<ul>\r\n<li>\r\n<p><strong>Muunneltava pituus ja leveys<\/strong> mahdollistavat eri ty\u00f6leveyksien ja kuormankantokykyjen toteuttamisen.<\/p>\r\n<\/li>\r\n<li>\r\n<p><strong>Useita kokoluokkia<\/strong> samasta perusrakenteesta \u2013 kompaktista koneesta raskaampaan ty\u00f6h\u00f6n.<\/p>\r\n<\/li>\r\n<li>\r\n<p><strong>Modulaarinen rakenne<\/strong> tukee erilaisia ty\u00f6laitekiinnikkeit\u00e4 ja varusteluita.<\/p>\r\n<\/li>\r\n<\/ul>\r\n<div>\u00a0<\/div>\r\n<h2><strong>R\u00e4\u00e4t\u00e4l\u00f6it\u00e4v\u00e4t kulkuominaisuudet<\/strong><\/h2>\r\n<p>Rengasvalinnoilla M52 voidaan optimoida juuri siihen ymp\u00e4rist\u00f6\u00f6n, jossa konetta k\u00e4ytet\u00e4\u00e4n:<\/p>\r\n<ul>\r\n<li>\r\n<p><strong>Maastokelpoisuus<\/strong> karkeakuvioisilla, suuremmilla renkailla.<\/p>\r\n<\/li>\r\n<li>\r\n<p><strong>Tarkka ja vakaa ajo<\/strong> kovilla pinnoilla matalaprofiilisilla renkailla.<\/p>\r\n<\/li>\r\n<li>\r\n<p><strong>Pieni pintapaine<\/strong> leveill\u00e4 renkailla viheralueille ja pelloille.<\/p>\r\n<\/li>\r\n<\/ul>\r\n<div>\u00a0<\/div>\r\n<h2><strong>24\/7 k\u00e4ytt\u00f6kelpoinen \u2013 suunniteltu jatkuvaan ty\u00f6h\u00f6n<\/strong><\/h2>\r\n<p>M52:n s\u00e4hk\u00f6j\u00e4rjestelm\u00e4 ja rakenne on suunniteltu kest\u00e4m\u00e4\u00e4n ymp\u00e4rivuorokautista k\u00e4ytt\u00f6\u00e4:<\/p>\r\n<ul>\r\n<li>\r\n<p><strong>S\u00e4hk\u00f6k\u00e4ytt\u00f6isyys<\/strong> mahdollistaa hiljaisen ja p\u00e4\u00e4st\u00f6tt\u00f6m\u00e4n ty\u00f6skentelyn my\u00f6s y\u00f6aikaan ja sis\u00e4tiloissa.<\/p>\r\n<\/li>\r\n<li>\r\n<p><strong>Luotettava l\u00e4mp\u00f6hallinta<\/strong> varmistaa suorituskyvyn kaikissa olosuhteissa.<\/p>\r\n<\/li>\r\n<li>\r\n<p><strong>Modulaarinen akkuj\u00e4rjestelm\u00e4<\/strong> tukee pitk\u00e4\u00e4 k\u00e4ytt\u00f6aikaa ja nopeaa vaihtoa.<\/p>\r\n<\/li>\r\n<\/ul>\r\n<p>T\u00e4m\u00e4 tekee M52:sta erinomaisen valinnan kohteisiin, joissa koneen on oltava k\u00e4ytett\u00e4viss\u00e4 ilman pitki\u00e4 seisokkeja.<\/p>\r\n<div>\u00a0<\/div>\r\n<h2><strong>Tyypillisi\u00e4 k\u00e4ytt\u00f6kohteita<\/strong><\/h2>\r\n<ul>\r\n<li>\r\n<p>Kunnallistekniikka: harjaus, auraus, pesu, viheralueiden hoito<\/p>\r\n<\/li>\r\n<li>\r\n<p>Teollisuus ja logistiikka: materiaalink\u00e4sittely, vetoteht\u00e4v\u00e4t, alueiden kunnossapito<\/p>\r\n<\/li>\r\n<li>\r\n<p>Maatalous ja piha-alueet: kuljetukset, pihanhoito, lis\u00e4laitteiden alusta<\/p>\r\n<\/li>\r\n<\/ul>\r\n<div>\u00a0<\/div>\r\n<h2><strong>Keskeiset edut lyhyesti<\/strong><\/h2>\r\n<ul>\r\n<li>\r\n<p>Skaalautuva koko ja modulaarinen rakenne<\/p>\r\n<\/li>\r\n<li>\r\n<p>Rengasvaihtoehdoilla muunneltavat kulkuominaisuudet<\/p>\r\n<\/li>\r\n<li>\r\n<p>Hiljainen ja p\u00e4\u00e4st\u00f6t\u00f6n s\u00e4hk\u00f6k\u00e4ytt\u00f6<\/p>\r\n<\/li>\r\n<li>\r\n<p><strong>24\/7 k\u00e4ytt\u00f6kelpoisuus<\/strong><\/p>\r\n<\/li>\r\n<li>\r\n<p>Soveltuu monipuolisesti eri ty\u00f6teht\u00e4viin ja ymp\u00e4rist\u00f6ihin<\/p>\r\n<\/li>\r\n<\/ul>\r\n<p>&nbsp;<\/p>\r\n<p>Seuraavassa on kerrottu koneesta M5:<\/p>\r\n<p>Helppohoitoinen laadukas t\u00e4yss\u00e4hk\u00f6inen ty\u00f6kone ja kuljetusajoneuvo M5.<\/p>\r\n<p>M5 on hyv\u00e4 ja vakaa ajettava.<\/p>\r\n<p>Kantavuus 250\/500 kg, lavan koko 1370 mm x 1270 mm. Ladattava akku 48 V. Mallisuoja no: 26529 ja no: 015061592-0001. Patenttihakemus.<\/p>\r\n<p>M5 leveys 1445 mm x pituus 2580 mm x korkeus 1280 mm. Paino 380\/450 kg.<\/p>\r\n<p>Akut ladataan verkkovirralla (esim. 220 V 10 A). Lis\u00e4varusteena mahdollista ladata akkuja aurinkoenergialla.<\/p>\r\n<p>M5 ajoneuvoa voi muuttaa k\u00e4ytt\u00e4j\u00e4n tarpeiden mukaan. Voidaan toteuttaa eri tyyppisi\u00e4 kiinnityksi\u00e4 ja maavaraa voidaan muuttaa rengastuksilla. Voidaan kytke\u00e4 eteen, taakse, p\u00e4\u00e4lle ja sivuille ty\u00f6koneita ja ty\u00f6kaluja sek\u00e4 per\u00e4k\u00e4rry.<\/p>\r\n<p>Saatavilla t\u00e4yss\u00e4hk\u00f6inen M5 ty\u00f6kone ja ajoneuvo lumenty\u00f6nt\u00f6levyll\u00e4. Lumilevyn mallisuoja no: <span class=\"MuiTypography-root MuiTypography-body3 css-rcx15c\">015082485-0001.<\/span><\/p>\r\n<p>M5 voidaan varustaa hytill\u00e4.<\/p>\r\n<p>Lis\u00e4tietoja puh: 0442840944, sales@eminko.com, EMINKO OY.\u00a0 Katsotko alla olevat M5 videot:<\/p>\r\n<p><iframe loading=\"lazy\" title=\"Eminko M5 - Suomalainen s\u00e4hk\u00f6ajoneuvo, joka tekee ty\u00f6nteosta tehokasta ja vastuullista eminko.com.\" width=\"422\" height=\"750\" src=\"https:\/\/www.youtube.com\/embed\/NsYh_eOCwxU?feature=oembed\" frameborder=\"0\" allow=\"accelerometer; autoplay; clipboard-write; encrypted-media; gyroscope; picture-in-picture; web-share\" referrerpolicy=\"strict-origin-when-cross-origin\" allowfullscreen><\/iframe><\/p>\r\n<p><iframe loading=\"lazy\" title=\"M5:ll\u00e4 s\u00e4kkikuorman kuljetus sujuu vaivattomasti s\u00e4hk\u00f6ll\u00e4 www.eminko.com. #s\u00e4hk\u00f6 #kuljetus #M5\" width=\"422\" height=\"750\" src=\"https:\/\/www.youtube.com\/embed\/kEBMNDP1H4Y?feature=oembed\" frameborder=\"0\" allow=\"accelerometer; autoplay; clipboard-write; encrypted-media; gyroscope; picture-in-picture; web-share\" referrerpolicy=\"strict-origin-when-cross-origin\" allowfullscreen><\/iframe><\/p>\r\n<p><iframe loading=\"lazy\" title=\"The M5 is a full electric transporter designed for efficient transport www.eminko.com #electric #M5\" width=\"422\" height=\"750\" src=\"https:\/\/www.youtube.com\/embed\/anLMe6OsKHM?feature=oembed\" frameborder=\"0\" allow=\"accelerometer; autoplay; clipboard-write; encrypted-media; gyroscope; picture-in-picture; web-share\" referrerpolicy=\"strict-origin-when-cross-origin\" allowfullscreen><\/iframe><\/p>\r\n\r\n<p><iframe loading=\"lazy\" title=\"M5:lla t\u00e4yss\u00e4hk\u00f6isell\u00e4 ajoon, ei tarvita esil\u00e4mmityst\u00e4. tel +358442840944 sales@eminko.com EMINKO OY\" width=\"422\" height=\"750\" src=\"https:\/\/www.youtube.com\/embed\/RoD1AtD9dGM?feature=oembed\" frameborder=\"0\" allow=\"accelerometer; autoplay; clipboard-write; encrypted-media; gyroscope; picture-in-picture; web-share\" referrerpolicy=\"strict-origin-when-cross-origin\" allowfullscreen><\/iframe><\/p>\r\n<p><iframe loading=\"lazy\" title=\"8. tammikuuta 2025\" width=\"500\" height=\"375\" src=\"https:\/\/www.youtube.com\/embed\/r-ZuM2FXBwo?feature=oembed\" frameborder=\"0\" allow=\"accelerometer; autoplay; clipboard-write; encrypted-media; gyroscope; picture-in-picture; web-share\" referrerpolicy=\"strict-origin-when-cross-origin\" allowfullscreen><\/iframe><\/p>\r\n<p>Katsotko linkin M5 kuormattuna noin 250 kg ja ajettu lumella <a href=\"https:\/\/www.eminko.com\/wp-content\/uploads\/2024\/04\/13.3.2024-008.heic\">https:\/\/www.eminko.com\/?attachment_id=1594<\/a>.<\/p>\r\n\r\n<p><script>(function(w,d,t,r,u){var f,n,i;w[u]=w[u]||[],f=function(){var o={ti:\"136016987\"};o.q=w[u],w[u]=new UET(o),w[u].push(\"pageLoad\")},n=d.createElement(t),n.src=r,n.async=1,n.onload=n.onreadystatechange=function(){var s=this.readyState;s&&s!==\"loaded\"&&s!==\"complete\"||(f(),n.onload=n.onreadystatechange=null)},i=d.getElementsByTagName(t)[0],i.parentNode.insertBefore(n,i)})(window,document,\"script\",\"\/\/bat.bing.com\/bat.js\",\"uetq\");<\/script><\/p>","protected":false},"excerpt":{"rendered":"<p>Eminko M52 \u2013 skaalautuva, 24\/7 k\u00e4ytt\u00f6\u00f6n suunniteltu ty\u00f6kone vaativaan ty\u00f6h\u00f6n Eminko M52 on uusi, t\u00e4ysin s\u00e4hk\u00f6inen ty\u00f6kone, joka skaalautuu eri kokoluokkiin ja k\u00e4ytt\u00f6kohteisiin. Modulaarinen rakenne, vaihdettavat rengasratkaisut ja ymp\u00e4rivuorokautiseen k\u00e4ytt\u00f6\u00f6n suunniteltu s\u00e4hk\u00f6j\u00e4rjestelm\u00e4 tekev\u00e4t M52:sta luotettavan kumppanin kunnossapitoon, teollisuuteen, logistiikkaan ja maatalouteen. Konetta on tilattu ensimm\u00e4inen kappale tuotantok\u00e4ytt\u00f6\u00f6n. Seuraavassa on linkki M52 havainnekuvasta. https:\/\/www.eminko.com\/wp-content\/uploads\/2026\/03\/M52-havainnekuva.png \u00a0 Skaalautuva [&hellip;]<\/p>\n","protected":false},"author":1,"featured_media":0,"parent":0,"menu_order":0,"comment_status":"closed","ping_status":"closed","template":"","meta":{"om_disable_all_campaigns":false,"_monsterinsights_skip_tracking":false,"_monsterinsights_sitenote_active":false,"_monsterinsights_sitenote_note":"","_monsterinsights_sitenote_category":0,"_uf_show_specific_survey":0,"_uf_disable_surveys":false,"footnotes":""},"class_list":["post-27","page","type-page","status-publish","hentry"],"aioseo_notices":[],"jetpack_sharing_enabled":true,"_links":{"self":[{"href":"https:\/\/www.eminko.com\/index.php?rest_route=\/wp\/v2\/pages\/27","targetHints":{"allow":["GET"]}}],"collection":[{"href":"https:\/\/www.eminko.com\/index.php?rest_route=\/wp\/v2\/pages"}],"about":[{"href":"https:\/\/www.eminko.com\/index.php?rest_route=\/wp\/v2\/types\/page"}],"author":[{"embeddable":true,"href":"https:\/\/www.eminko.com\/index.php?rest_route=\/wp\/v2\/users\/1"}],"replies":[{"embeddable":true,"href":"https:\/\/www.eminko.com\/index.php?rest_route=%2Fwp%2Fv2%2Fcomments&post=27"}],"version-history":[{"count":82,"href":"https:\/\/www.eminko.com\/index.php?rest_route=\/wp\/v2\/pages\/27\/revisions"}],"predecessor-version":[{"id":1764,"href":"https:\/\/www.eminko.com\/index.php?rest_route=\/wp\/v2\/pages\/27\/revisions\/1764"}],"wp:attachment":[{"href":"https:\/\/www.eminko.com\/index.php?rest_route=%2Fwp%2Fv2%2Fmedia&parent=27"}],"curies":[{"name":"wp","href":"https:\/\/api.w.org\/{rel}","templated":true}]}}